actors of 2775784793?
29, 95716717
List the prime factors of 365939367.
3, 331, 401, 919
List the prime factors of 773537932.
2, 23, 853, 9857
List the prime factors of 496923450.
2, 3, 5, 3312823
List the prime factors of 1477004457.
3, 492334819
What are the prime factors of 13810288?
2, 863143
List the prime factors of 7022748910.
2, 5, 702274891
What are the prime factors of 3610985846?
2, 13, 138884071
What are the prime factors of 3336663875?
5, 29, 59, 15601
What are the prime factors of 162696349?
162696349
List the prime factors of 29784633.
3, 83, 119617
What are the prime factors of 298655870?
2, 5, 19, 1571873
What are the prime factors of 2010157582?
2, 12527, 80233
List the prime factors of 4552846205.
5, 23, 179, 221173
What are the prime factors of 5047601834?
2, 11, 229436447
What are the prime factors of 1791461226?
2, 3, 1777, 168023
What are the prime factors of 207838424?
2, 4999, 5197
List the prime factors of 2315629110.
2, 3, 5, 157, 257, 1913
What are the prime factors of 267396210?
2, 3, 5, 107, 27767
List the prime factors of 402103683.
3, 4964243
What are the prime factors of 3927770273?
7, 80158577
What are the prime factors of 29860515?
3, 5, 373, 593
List the prime factors of 237667535.
5, 7, 6790501
What are the prime factors of 1202759600?
2, 5, 7, 41, 10477
List the prime factors of 7505630.
2, 5, 11, 6203
What are the prime factors of 327246458?
2, 7, 11, 773, 2749
List the prime factors of 517704167.
647, 800161
What are the prime factors of 16829524?
2, 17, 37, 6689
List the prime factors of 1680664534.
2, 2857, 294131
What are the prime factors of 320591004?
2, 3, 26715917
What are the prime factors of 3158574347?
17, 181, 60383
What are the prime factors of 1146128737?
13, 88163749
What are the prime factors of 68927417?
13, 5302109
What are the prime factors of 35631551?
5393, 6607
List the prime factors of 95864212.
2, 163, 147031
List the prime factors of 32843117.
59, 109, 5107
What are the prime factors of 60674064?
2, 3, 11, 114913
What are the prime factors of 204283454?
2, 43, 2375389
List the prime factors of 354548770.
2, 5, 17, 593, 3517
List the prime factors of 32199807.
3, 10733269
List the prime factors of 70353999.
3, 7817111
List the prime factors of 22615316.
2, 131, 43159
What are the prime factors of 1952327344?
2, 11, 11092769
List the prime factors of 137153837.
19, 7218623
List the prime factors of 38713153.
3049, 12697
List the prime factors of 2514239155.
5, 4297, 117023
List the prime factors of 79583984.
2, 241, 20639
List the prime factors of 55025184.
2, 3, 573179
List the prime factors of 37668645.
3, 5, 7, 43, 103
What are the prime factors of 1491133637?
7, 213019091
List the prime factors of 850494452.
2, 61, 3485633
What are the prime factors of 6780264?
2, 3, 19, 14869
List the prime factors of 288614305.
5, 7, 367, 22469
List the prime factors of 68871683.
23, 2994421
List the prime factors of 4648904807.
3389, 1371763
What are the prime factors of 81165425?
5, 11, 71, 4157
List the prime factors of 306883220.
2, 5, 7, 29, 131, 577
List the prime factors of 108442375.
5, 37, 23447
What are the prime factors of 68498436?
2, 3, 5708203
List the prime factors of 1035626250.
2, 3, 5, 29, 89, 107
What are the prime factors of 18899867?
7, 2699981
List the prime factors of 3542608743.
3, 1180869581
List the prime factors of 9123006135.
3, 5, 608200409
List the prime factors of 28523113.
179, 159347
List the prime factors of 233787708.
2, 3, 7, 11, 9371
List the prime factors of 1592354910.
2, 3, 5, 29, 97, 18869
List the prime factors of 89377188.
2, 3, 29, 256831
What are the prime factors of 23644848?
2, 3, 492601
What are the prime factors of 20279539?
7, 59, 49103
List the prime factors of 2194359236.
2, 548589809
List the prime factors of 13676911.
67, 204133
What are the prime factors of 174075083?
7, 13, 1912913
List the prime factors of 79665664.
2, 13, 11969
List the prime factors of 1242000388.
2, 3727, 83311
List the prime factors of 15361196.
2, 19, 202121
List the prime factors of 5818411670.
2, 5, 17, 34225951
What are the prime factors of 272445228?
2, 3, 11, 53, 4327
List the prime factors of 73333884.
2, 3, 13, 470089
List the prime factors of 1898311.
29, 67, 977
List the prime factors of 1230217054.
2, 11, 19, 23, 41, 3121
What are the prime factors of 112311913?
7, 16044559
List the prime factors of 118555438.
2, 59277719
List the prime factors of 11211795.
3, 5, 7, 35593
List the prime factors of 625184602.
2, 7, 44656043
What are the prime factors of 1304128506?
2, 3, 217354751
List the prime factors of 5198492189.
11, 472590199
What are the prime factors of 96754877?
96754877
What are the prime factors of 56646821?
7, 11, 735673
What are the prime factors of 350229837?
3, 67, 73, 23869
List the prime factors of 693583518.
2, 3, 227, 509239
List the prime factors of 89400268.
2, 43, 519769
List the prime factors of 1574597.
1574597
What are the prime factors of 715412724?
2, 3, 13, 4585979
What are the prime factors of 21821135?
5, 7, 23, 27107
What are the prime factors of 943822490?
2, 5, 13, 17, 427069
What are the prime factors of 36859445?
5, 7, 101, 10427
What are the prime factors of 97561743?
3, 31, 1049051
List the prime factors of 46668337.
29, 577, 2789
List the prime factors of 7144925374.
2, 163, 607, 36107
What are the prime factors of 125870014?
2, 62935007
What are the prime factors of 71676706?
2, 35838353
List the prime factors of 333246392.
2, 41655799
List the prime factors of 30403773.
3, 3378197
List the prime factors of 504510022.
2, 37, 83, 82141
List the prime factors of 26051322.
2, 3, 11, 394717
What are the prime factors of 16376289?
3, 467, 11689
What are the prime factors of 35783215?
5, 13, 17, 47, 53
What are the prime factors of 316945532?
2, 79236383
What are the prime factors of 15433009?
31, 497839
What are the prime factors of 47826698?
2, 59, 359, 1129
What are the prime factors of 1728817750?
2, 5, 11, 67, 853
List the prime factors of 1669627054.
2, 71, 499, 23563
What are the prime factors of 106989058?
2, 11, 17, 241, 1187
What are the prime factors of 258406451?
151, 283, 6047
What are the prime factors of 4837352?
2, 13, 193, 241
List the prime factors of 25805799.
3, 1291, 2221
What are the prime factors of 62530418?
2, 31265209
What are the prime factors of 339325416?
2, 3, 1570951
What are the prime factors of 137943708?
2, 3, 7, 1642187
List the prime factors of 2903621547.
3, 787, 1229827
List the prime factors of 1039782931.
11, 94525721
What are the prime factors of 249717233?
17, 23, 638663
List the prime factors of 8293098901.
61, 135952441
List the prime factors of 629779293.
3, 11, 13, 54371
List the prime factors of 707570786.
2, 13, 67, 406183
What are the prime factors of 913465762?
2, 11, 41521171
What are the prime factors of 503004262?
2, 17, 109, 135727
What are the prime factors of 1285109028?
2, 3, 7, 193, 26423
List the prime factors of 273706384.
2, 7, 2443807
List the prime factors of 859673938.
2, 17291, 24859
List the prime factors of 58982146.
2, 17, 1734769
What are the prime factors of 54242925?
3, 5, 11, 37, 1777
List the prime factors of 107721575.
5, 13, 331451
List the prime factors of 10802295.
3, 5, 7, 23, 71
List the prime factors of 3229379878.
2, 19, 84983681
List the prime factors of 135226226.
2, 67613113
What are the prime factors of 237254867?
23, 10315429
What are the prime factors of 261619782?
2, 3, 1789, 24373
List the prime factors of 66199436.
2, 16549859
List the prime factors of 33103911.
3, 1151, 9587
What are the prime factors of 4167096205?
5, 833419241
What are the prime factors of 5220688?
2, 11, 29663
List the prime factors of 26529120.
2, 3, 5, 23, 89
List the prime factors of 28949056.
2, 452329
List the prime factors of 689304950.
2, 5, 17, 479, 1693
What are the prime factors of 2904051208?
2, 23, 15782887
List the prime factors of 30729071.
4373, 7027
List the prime factors of 1465843088.
2, 17, 929, 5801
List the prime factors of 242882180.
2, 5, 97, 125197
What are the prime factors of 923584392?
2, 3, 12827561
List the prime factors of 33661070.
2, 5, 3366107
List the prime factors of 621093259.
571, 1087729
What are the prime factors of 329350